tors of j(l)?
2, 23
Let k(s) = 7*s**2 + 25*s - 19. List the prime factors of k(8).
17, 37
Suppose 2*y - 1838 = -2*u, -2*y + 3*u = -4*y + 1839. List the prime factors of y.
2, 3, 17
Let d(i) = 2*i - 22. Let o(g) be the second derivative of g**3/6 - 21*g**2/2 + 7*g. Let n(r) = 2*d(r) - 3*o(r). List the prime factors of n(-9).
2, 5
Let r(p) = -5*p**2 - p + 4. Let o(s) = -s + 7*s**2 + 4*s**2 - 8 + 3*s. Let h(d) = 6*o(d) + 13*r(d). What are the prime factors of h(4)?
2
Suppose -2*l = -4*l - 4*l. Suppose l = -u - 2*u + 594. What are the prime factors of u?
2, 3, 11
Let h = -19 - -21. Let l(o) = -o**2 + 4*o - 1. Let b be l(h). Suppose -b*s + 205 = 55. List the prime factors of s.
2, 5
Let u(x) be the first derivative of -x**4/4 - 8*x**3/3 - 7*x**2/2 - 20*x + 4. What are the prime factors of u(-10)?
2, 5
Suppose 60*y = 57*y + 9. Suppose 4*o = -2*k - y*k + 646, -3*o = k - 138. List the prime factors of k.
2, 3, 7
Let f(k) = -11*k - 10. Let z = 19 + -27. List the prime factors of f(z).
2, 3, 13
Let z(s) = 7*s**2 + 6*s + 55. List the prime factors of z(-7).
2, 89
Suppose 0*t = 4*b + 2*t + 166, 0 = 2*t - 2. Let u = 134 + b. List the prime factors of u.
2, 23
What are the prime factors of (0 - -138)*-9*9/(-243)?
2, 23
Let g(y) = -26*y - 5. Let r(z) = -26*z - 5. Let q(b) = 6*g(b) - 5*r(b). What are the prime factors of q(-4)?
3, 11
Let o(y) = y + 10. Let f be o(2). Suppose 26 = 2*p + 8. Let g = f - p. What are the prime factors of g?
3
Let k(l) = -l**2 - 3*l + 5. Let h be k(-6). Let w = 45 - 29. Let g = w + h. What are the prime factors of g?
3
What are the prime factors of ((45/9)/(-10))/((-2)/1792)?
2, 7
Let z = 2863 + -1315. What are the prime factors of z?
2, 3, 43
What are the prime factors of (-964)/(-2) - -7*1/7?
3, 7, 23
Suppose 22*d - 5428 = -24*d. What are the prime factors of d?
2, 59
Let d(b) = b**2 + 8*b + 8. Let r be d(-7). Let u(s) be the second derivative of 16*s**5/5 + s**3/3 - s**2/2 + 44*s + 2. What are the prime factors of u(r)?
5, 13
Suppose 0*n = -2*n + 16. Let q(p) be the first derivative of 7*p**2/2 - 9*p - 28. What are the prime factors of q(n)?
47
Let s be (210 + -5)*(-8)/(-5). Suppose 5*o = 47 + s. What are the prime factors of o?
3, 5
Suppose 4*i - 4172 = -2*t, -4*t - 3608 + 11913 = -5*i. What are the prime factors of t?
2, 5, 13
Let m(u) = -u**3 + 15*u**2 - 15*u - 6. Let t(z) = z**2 - z - 2. Let w(g) = -m(g) + t(g). Let o be (2/4)/((-2)/(-52)). What are the prime factors of w(o)?
17
Let a(i) = 4343*i**3 - 2*i**2 + 5*i - 3. List the prime factors of a(1).
43, 101
Suppose -370 = -0*m - 2*m + 4*o, -2*o - 740 = -4*m. What are the prime factors of m?
5, 37
List the prime factors of (1/(5 + -2))/((-3)/(-1629)).
181
Suppose -11646 = -14*w - 3344. List the prime factors of w.
593
Let u(v) = -v**3 - 3*v**2 + 8*v + 7. Let n be 3/(6/(-14)) + 1. Let q(p) = p**3 + 7*p**2 + 8*p + 7. Let w be q(n). What are the prime factors of u(w)?
17
Suppose -26 = -5*w - 11. Suppose 2*g + w*c = 99, -4*g - 2*c + 194 = -0*g. What are the prime factors of g?
2, 3
What are the prime factors of ((-24)/(-4) - -1409) + -2?
3, 157
Let b(c) = 286*c**2 + 5*c - 4. List the prime factors of b(1).
7, 41
Suppose -17 = -2*t - 1. What are the prime factors of ((-28)/t)/7*-78?
3, 13
Let s = -4 + 14. Suppose -600 = -s*v + 5*v. List the prime factors of v.
2, 3, 5
Let w(u) = 3*u - 5. Let n(y) = -5*y + 9. Let v(c) = 4*n(c) + 7*w(c). Let s be v(-3). Let r = 2 - s. List the prime factors of r.
2
Suppose 0 = -o - 2, -h - 3*h - 4*o + 176 = 0. Suppose -l + 109 = -h. What are the prime factors of l?
5, 31
Let c(y) = 2*y + 26. Let j be c(-9). Suppose -48 = 10*f - j*f. Let q = 30 + f. What are the prime factors of q?
2, 3
Suppose 3*i - 4*i = -5*l + 4, 0 = 4*l - 2*i - 2. List the prime factors of 0/l + 103 - 1.
2, 3, 17
Suppose -3*z - 41*d = -36*d - 4214, -d + 4 = 0. List the prime factors of z.
2, 3, 233
Suppose 6 = -h + 10. Suppose 3*s + s + 22 = 2*y, -h*s = -5*y + 25. Let p = s - -7. What are the prime factors of p?
2
Let p(m) = -2*m**3 + m**2 + 3*m - 5. Let a be p(-4). Let k = a - 4. List the prime factors of k.
3, 41
Let d = 531 - 171. What are the prime factors of d?
2, 3, 5
Suppose -2*v = -4*t - 4142, 2*v = 4*t - 2*t + 4140. List the prime factors of v.
2069
Let x(b) = 5*b**2 + 6*b + 10. Let i = 137 + -145. What are the prime factors of x(i)?
2, 3, 47
Let l be (-2)/(-17) - 822/51. What are the prime factors of 57*-1*l/12?
2, 19
Suppose -197 = -4*f + 3*p, 0*f + 4*p = -f + 54. Suppose -6*q + 148 + f = 0. What are the prime factors of q?
3, 11
Suppose x - 13 = -2*j, -2*x - 2*x + j = -25. Let b(p) be the third derivative of p**5/60 - p**4/4 - 5*p**3/6 - 3*p**2. What are the prime factors of b(x)?
2
What are the prime factors of 333 - -3 - -4*(-35)/(-28)?
11, 31
Let x be (-30)/(-4) - 2/4. Let h be 1*-17*(-1 - 0). Let w = h + x. What are the prime factors of w?
2, 3
Suppose -w - 21310 = -11*w. What are the prime factors of w?
2131
List the prime factors of 45/540 + (-4750)/(-24).
2, 3, 11
Let o(r) = 5*r - 26. Let i be o(6). List the prime factors of i + 1 + -2 + 19.
2, 11
Suppose 0 = 3*f + 4*s + 348 - 5226, 0 = 4*s - 12. What are the prime factors of f?
2, 811
Suppose 9270 = -76*b + 85*b. What are the prime factors of b?
2, 5, 103
Let y = -155 + 505. List the prime factors of y.
2, 5, 7
Let n(t) = 2 - 2 - 2 - 7 + 28*t - t**2. What are the prime factors of n(21)?
2, 3, 23
Suppose -12*o - 12*o = -26760. List the prime factors of o.
5, 223
Let l(t) = -43*t**3 - 6*t**2 - 15*t - 12. List the prime factors of l(-4).
2, 13
Let h(b) = -8*b**3 + 3*b**2 - b - 1. Let j(k) = -k**2 - 2. Let w be j(0). List the prime factors of h(w).
7, 11
Let p = 310 - 79. Suppose p = 4*s - 3*y, -3*s + 1 + 194 = 5*y. What are the prime factors of s?
2, 3, 5
Let s(z) = 2*z**3 - 11*z**2 + 3*z + 4. Let r be s(5). Let t = -194 + 116. What are the prime factors of (t/(-18))/((-2)/r)?
13
Suppose -5*u + 3*m - 11 = 0, -5*u - 40*m + 41*m = 17. Suppose -2*x = 5*d - 40, 3*x - 37 = 2*d + 2*d. What are the prime factors of 681/x + u/10?
3, 5
Suppose 3*j - 13 = -5*x, 5*x - 5*j = -0*j + 45. Suppose -4*n + x*k = -560, -2*n + n + 149 = k. What are the prime factors of n?
5, 29
Let g(r) = -6*r**3 + 4*r**2 - 9*r - 20. What are the prime factors of g(-5)?
5, 7
Let x(l) = -2*l**2 + 4*l - 3. Let u be x(2). Let t be (-35)/5 + 6 - 13/(-1). List the prime factors of 0 + (-6 - u) + t.
3
Let r(i) be the second derivative of -2*i**3/3 - 11*i**2 + 9*i. What are the prime factors of r(-7)?
2, 3
Suppose 4*o = 2*o + 3*c + 11, 0 = o - c - 5. Suppose -2*k - 1 + 2 = -5*w, -4*w + 4*k + o = 0. Let y = 31 - w. What are the prime factors of y?
2
Suppose -7*h = -60*h + 30793. What are the prime factors of h?
7, 83
Suppose 0 = 5*r + 5*k - 100, r - 14 = 5*k - 6. List the prime factors of (12/(-10))/(r/(-2565)).
3, 19
Let z = -287 - -543. What are the prime factors of z?
2
Let g = 235 - -348. List the prime factors of g.
11, 53
Let l(m) = m**3 - 11*m**2 + 8*m + 13. Suppose -3*u + 17 = -13. Let v be l(u). Let s = 21 - v. What are the prime factors of s?
2, 7
What are the prime factors of 7 + -2 - -231 - (-1 + 6)?
3, 7, 11
What are the prime factors of (-12)/(-21) + 735593/469?
3, 523
Let t(f) = 194*f - 197*f + 3 + 1 + 22*f**3 - 1 - 2*f**2. What are the prime factors of t(2)?
3, 5, 11
Suppose -4*r - 210 = 10. Suppose 0 = s + 4*n - 107 - 19, -607 = -5*s + 3*n. Let v = s + r. What are the prime factors of v?
67
Let t = 2089 - 1201. List the prime factors of t.
2, 3, 37
Let j(f) = -336*f + 80. List the prime factors of j(-12).
2, 257
Suppose 7*m - 425 - 1500 = 0. List the prime factors of m.
5, 11
Let b be (-2)/(-8) - 321/(-12). Suppose -29*h = -b*h - 16. List the prime factors of h.
2
Let d(o) = -o**2 + o + 3. Let y be d(0). Let t(h) = 5*h - 15. Let n be t(4). Suppose -c = y - n. List the prime factors of c.
2
Let k = -13 - -13. Let t be k*((-7)/2 + 3). Suppose 26 = 2*b - t*n - 3*n, -5*b = 4*n - 65. What are the prime factors of b?
13
Let c(f) be the third derivative of f**5/60 - f**4/8 + f**3/2 - f**2. Suppose 5*l = 2*t + 38, -2*t = l + 3*t + 14. List the prime factors of c(l).
3, 7
Suppose 4*g + g = 25. Suppose -g*i = -4*i - 22. Let d = i + -13. What are the prime factors of d?
3
Suppose -633 = -0*b + 4*b + 5*j, -4*b + 3*j - 625 = 0. Let f = b - -283. L